{"id":28230,"date":"2026-03-28T13:00:09","date_gmt":"2026-03-28T12:00:09","guid":{"rendered":"https:\/\/weingut-kaufmann-ziegler.de\/catalog\/produkt\/artikel-nr-lwb-2026lieblingsweinbox-2026\/"},"modified":"2026-03-28T13:24:00","modified_gmt":"2026-03-28T12:24:00","slug":"artikel-nr-lwb-2026lieblingsweinbox-2026","status":"publish","type":"product","link":"https:\/\/weingut-kaufmann-ziegler.de\/catalog\/produkt\/artikel-nr-lwb-2026lieblingsweinbox-2026\/","title":{"rendered":"<br>Artikel-Nr.: LWB 2026<br>Lieblingsweinbox 2026<br>"},"content":{"rendered":"\n<div align=\"left\"><font size=\"2\"><br \/><!-- IBGHTML --><u>Unsere Lieblingswein Box<\/p>\n<p><font face=\"algun Gothic\">1 Flasche 770 &#8222;Gl\u00fcckliches H\u00e4ndchen&#8220;&nbsp;HandWerk feinherb 0,75l<br \/>1 Flasche 150 Muscaris Auslese s\u00fc\u00df&nbsp;&nbsp;0,75l<br \/>1 Flasche 180 Silvaner feinherb 0,75l<br \/>1 Flasche 251 Sauvignon Blanc trocken 0,75l<br \/>1 Flasche 430 Lemberger feinherb 0,75l&nbsp;<br \/>1 Flasche 630 &#8222;Schwesterherz&#8220; Traubensecco (alkoholfrei)<\/font><br \/><\/u><br \/> <\/font><\/div>\n<table WIDTH=\"60%\" BORDER=\"0\" align=\"left\" CELLPADDING=\"0\" CELLSPACING=\"0\"><\/p>\n<tr><\/p>\n<td width=\"53%\"><font size=\"-1\">Artikelnummer:<\/font><\/td>\n<td width=\"47%\"><font size=\"-1\"><strong>LWB 2026<\/strong><\/font><\/td>\n<p><\/tr>\n<tr><\/p>\n<td><font size=\"-1\">Inhalt<\/font><\/td>\n<td><font size=\"-1\"><strong>5 Ltr.<\/strong><\/font><\/td>\n<p><\/tr>\n<tr ALIGN=\"LEFT\"><\/p>\n<td><font size=\"-1\">Preis\/Ltr.<\/font><\/td>\n<td><font size=\"-1\"><strong>8,00 EUR pro Ltr.<\/strong><\/font><\/td>\n<p><\/tr>\n<tr><\/p>\n<td><font size=\"-1\">Weinart:<\/font><\/td>\n<td><font size=\"-1\"><strong><\/strong><\/font><\/td>\n<p><\/tr>\n<tr><\/p>\n<td><font size=\"-1\">Qualit&auml;tsstufe<\/font><\/td>\n<td><font size=\"-1\"><strong><\/strong><\/font><\/td>\n<p><\/tr>\n<tr><\/p>\n<td><font size=\"-1\">Rebsorte<\/font><\/td>\n<td><font size=\"-1\"><strong><\/strong><\/font><\/td>\n<p><\/tr>\n<p><\/p>\n<td><font size=\"-1\">Alkoholgehalt<\/font><\/td>\n<td><font size=\"-1\"><strong><\/strong><\/font><\/td>\n<p><\/tr>\n<p><\/p>\n<tr>\n<td><font size=\"-1\">Bio:<\/font><\/td>\n<td><font size=\"-1\"><strong>NEIN<\/strong><\/font><\/td>\n<\/tr>\n<p><\/p>\n<tr>\n<td><font size=\"-1\">enth\u00e4lt Allergene:<\/font><\/td>\n<td><font size=\"-1\"><strong>Sulfite<\/strong><\/font><\/td>\n<\/tr>\n<p><\/table>\n","protected":false},"excerpt":{"rendered":"<p>Unsere Lieblingswein Box 1 Flasche 770 &#8222;Gl\u00fcckliches H\u00e4ndchen&#8220;&nbsp;HandWerk feinherb 0,75l1 Flasche 150 Muscaris Auslese s\u00fc\u00df&nbsp;&nbsp;0,75l1 Flasche 180 Silvaner feinherb 0,75l1 Flasche 251 Sauvignon Blanc trocken 0,75l1 Flasche 430 Lemberger feinherb 0,75l&nbsp;1 Flasche 630 &#8222;Schwesterherz&#8220; Traubensecco (alkoholfrei) Artikelnummer: LWB 2026 Inhalt 5 Ltr. Preis\/Ltr. 8,00 EUR pro Ltr. Weinart: Qualit&auml;tsstufe Rebsorte Alkoholgehalt Bio: NEIN enth\u00e4lt Allergene: [&hellip;]<\/p>\n","protected":false},"featured_media":27818,"template":"","meta":[],"product_brand":[],"product_cat":[1372],"product_tag":[],"class_list":{"0":"post-28230","1":"product","2":"type-product","3":"status-publish","4":"has-post-thumbnail","6":"product_cat-probierpakete","8":"first","9":"instock","10":"taxable","11":"shipping-taxable","12":"purchasable","13":"product-type-simple"},"_links":{"self":[{"href":"https:\/\/weingut-kaufmann-ziegler.de\/catalog\/wp-json\/wp\/v2\/product\/28230","targetHints":{"allow":["GET"]}}],"collection":[{"href":"https:\/\/weingut-kaufmann-ziegler.de\/catalog\/wp-json\/wp\/v2\/product"}],"about":[{"href":"https:\/\/weingut-kaufmann-ziegler.de\/catalog\/wp-json\/wp\/v2\/types\/product"}],"wp:featuredmedia":[{"embeddable":true,"href":"https:\/\/weingut-kaufmann-ziegler.de\/catalog\/wp-json\/wp\/v2\/media\/27818"}],"wp:attachment":[{"href":"https:\/\/weingut-kaufmann-ziegler.de\/catalog\/wp-json\/wp\/v2\/media?parent=28230"}],"wp:term":[{"taxonomy":"product_brand","embeddable":true,"href":"https:\/\/weingut-kaufmann-ziegler.de\/catalog\/wp-json\/wp\/v2\/product_brand?post=28230"},{"taxonomy":"product_cat","embeddable":true,"href":"https:\/\/weingut-kaufmann-ziegler.de\/catalog\/wp-json\/wp\/v2\/product_cat?post=28230"},{"taxonomy":"product_tag","embeddable":true,"href":"https:\/\/weingut-kaufmann-ziegler.de\/catalog\/wp-json\/wp\/v2\/product_tag?post=28230"}],"curies":[{"name":"wp","href":"https:\/\/api.w.org\/{rel}","templated":true}]}}