{"id":28229,"date":"2026-03-28T13:00:08","date_gmt":"2026-03-28T12:00:08","guid":{"rendered":"https:\/\/weingut-kaufmann-ziegler.de\/catalog\/produkt\/artikel-nr-hwb-2026handwerksbox-2026\/"},"modified":"2026-03-28T13:23:59","modified_gmt":"2026-03-28T12:23:59","slug":"artikel-nr-hwb-2026handwerksbox-2026","status":"publish","type":"product","link":"https:\/\/weingut-kaufmann-ziegler.de\/catalog\/produkt\/artikel-nr-hwb-2026handwerksbox-2026\/","title":{"rendered":"<br>Artikel-Nr.: HWB 2026<br>HandWerksbox 2026<br>"},"content":{"rendered":"\n<div align=\"left\"><font size=\"2\"><br \/><!-- IBGHTML --><\/p>\n<p>Unsere Lagenweine stammen aus unseren wertvollsten Lagen, vom Weyherer Michelsberg. Sie zeichnen sich durch perfekte Balance zwischen Reben, Boden, Standort und Klima aus. Freuen Sie sich auf ausdrucksstarke Weine f\u00fcr besondere Genusserlebnisse.<\/p>\n<p><u>HandWerksbox 2026<\/p>\n<p><\/u>710 Riesling HandWerk trocken 0,75l <br \/>730 Grauer Burgunder Hand Werk&nbsp;trocken 0,75l<br \/>740 Gew\u00fcrztraminer HandWerk&nbsp;trocken 0,75l<br \/>745 Sp\u00e4tburgunder Ros\u00e9 HandWerk 0,75l<br \/>750 Sp\u00e4tburgunder trocken HandWerk&nbsp;Barrique 0,75l<br \/>770 Gl\u00fcckliches H\u00e4ndchen HandWerk 0,75l<\/p>\n<p> <\/font><\/div>\n<table WIDTH=\"60%\" BORDER=\"0\" align=\"left\" CELLPADDING=\"0\" CELLSPACING=\"0\"><\/p>\n<tr><\/p>\n<td width=\"53%\"><font size=\"-1\">Artikelnummer:<\/font><\/td>\n<td width=\"47%\"><font size=\"-1\"><strong>HWB 2026<\/strong><\/font><\/td>\n<p><\/tr>\n<tr><\/p>\n<td><font size=\"-1\">Inhalt<\/font><\/td>\n<td><font size=\"-1\"><strong>5 Ltr.<\/strong><\/font><\/td>\n<p><\/tr>\n<tr ALIGN=\"LEFT\"><\/p>\n<td><font size=\"-1\">Preis\/Ltr.<\/font><\/td>\n<td><font size=\"-1\"><strong><\/strong><\/font><\/td>\n<p><\/tr>\n<tr><\/p>\n<td><font size=\"-1\">Weinart:<\/font><\/td>\n<td><font size=\"-1\"><strong><\/strong><\/font><\/td>\n<p><\/tr>\n<tr><\/p>\n<td><font size=\"-1\">Qualit&auml;tsstufe<\/font><\/td>\n<td><font size=\"-1\"><strong><\/strong><\/font><\/td>\n<p><\/tr>\n<tr><\/p>\n<td><font size=\"-1\">Rebsorte<\/font><\/td>\n<td><font size=\"-1\"><strong><\/strong><\/font><\/td>\n<p><\/tr>\n<p><\/p>\n<td><font size=\"-1\">Alkoholgehalt<\/font><\/td>\n<td><font size=\"-1\"><strong><\/strong><\/font><\/td>\n<p><\/tr>\n<p><\/p>\n<tr>\n<td><font size=\"-1\">Bio:<\/font><\/td>\n<td><font size=\"-1\"><strong>NEIN<\/strong><\/font><\/td>\n<\/tr>\n<p><\/p>\n<tr>\n<td><font size=\"-1\">enth\u00e4lt Allergene:<\/font><\/td>\n<td><font size=\"-1\"><strong>Sulfite<\/strong><\/font><\/td>\n<\/tr>\n<p><\/table>\n","protected":false},"excerpt":{"rendered":"<p>Unsere Lagenweine stammen aus unseren wertvollsten Lagen, vom Weyherer Michelsberg. Sie zeichnen sich durch perfekte Balance zwischen Reben, Boden, Standort und Klima aus. Freuen Sie sich auf ausdrucksstarke Weine f\u00fcr besondere Genusserlebnisse. HandWerksbox 2026 710 Riesling HandWerk trocken 0,75l 730 Grauer Burgunder Hand Werk&nbsp;trocken 0,75l740 Gew\u00fcrztraminer HandWerk&nbsp;trocken 0,75l745 Sp\u00e4tburgunder Ros\u00e9 HandWerk 0,75l750 Sp\u00e4tburgunder trocken HandWerk&nbsp;Barrique [&hellip;]<\/p>\n","protected":false},"featured_media":27818,"template":"","meta":[],"product_brand":[],"product_cat":[1372],"product_tag":[],"class_list":{"0":"post-28229","1":"product","2":"type-product","3":"status-publish","4":"has-post-thumbnail","6":"product_cat-probierpakete","8":"first","9":"instock","10":"taxable","11":"shipping-taxable","12":"purchasable","13":"product-type-simple"},"_links":{"self":[{"href":"https:\/\/weingut-kaufmann-ziegler.de\/catalog\/wp-json\/wp\/v2\/product\/28229","targetHints":{"allow":["GET"]}}],"collection":[{"href":"https:\/\/weingut-kaufmann-ziegler.de\/catalog\/wp-json\/wp\/v2\/product"}],"about":[{"href":"https:\/\/weingut-kaufmann-ziegler.de\/catalog\/wp-json\/wp\/v2\/types\/product"}],"wp:featuredmedia":[{"embeddable":true,"href":"https:\/\/weingut-kaufmann-ziegler.de\/catalog\/wp-json\/wp\/v2\/media\/27818"}],"wp:attachment":[{"href":"https:\/\/weingut-kaufmann-ziegler.de\/catalog\/wp-json\/wp\/v2\/media?parent=28229"}],"wp:term":[{"taxonomy":"product_brand","embeddable":true,"href":"https:\/\/weingut-kaufmann-ziegler.de\/catalog\/wp-json\/wp\/v2\/product_brand?post=28229"},{"taxonomy":"product_cat","embeddable":true,"href":"https:\/\/weingut-kaufmann-ziegler.de\/catalog\/wp-json\/wp\/v2\/product_cat?post=28229"},{"taxonomy":"product_tag","embeddable":true,"href":"https:\/\/weingut-kaufmann-ziegler.de\/catalog\/wp-json\/wp\/v2\/product_tag?post=28229"}],"curies":[{"name":"wp","href":"https:\/\/api.w.org\/{rel}","templated":true}]}}