{"id":4231,"date":"2016-08-16T08:54:48","date_gmt":"2016-08-16T06:54:48","guid":{"rendered":"https:\/\/weingut-kaufmann-ziegler.de\/catalog\/?page_id=4231"},"modified":"2018-05-29T12:33:22","modified_gmt":"2018-05-29T10:33:22","slug":"os-plattform","status":"publish","type":"page","link":"https:\/\/weingut-kaufmann-ziegler.de\/catalog\/os-plattform\/","title":{"rendered":"OS-Plattform"},"content":{"rendered":"<h1 class=\"title\"><\/h1>\n<div class=\"entry\">\n<p>Hinweis OS-Plattform<br \/>\n=====================<\/p>\n<p>Die Europ\u00e4ische Kommission stellt eine Plattform f\u00fcr die au\u00dfergerichtliche Online-Streitbeilegung (OS-Plattform) bereit, die unter <a href=\"http:\/\/www.ec.europa.eu\/consumers\/odr\">www.ec.europa.eu\/consumers\/odr<\/a> aufrufbar ist.<\/p>\n<p>Wir sind weder verpflichtet noch bereit, an dem Streitschlichtungsverfahren teilzunehmen.<\/p>\n<p>&nbsp;<\/p>\n<p>Weingut Kaufmann-Ziegler<br \/>\nInhaber: Walter Ziegler<br \/>\nRhodter Str. 6 + Josef-Meyer-Str. 4<br \/>\n76835 Weyher<br \/>\nTel: 06323\/3255 Fax:06323\/949045<br \/>\nE-Mail: <a href=\"https:\/\/weingut-kaufmann-ziegler.de\/catalog\/agb\/%22mailto:info@weingut-kaufmann-ziegler.de%22\">info@weingut-kaufmann-ziegler.de<\/a><\/p>\n<p>&nbsp;<\/p>\n<\/div>\n","protected":false},"excerpt":{"rendered":"<p>Hinweis OS-Plattform ===================== Die Europ\u00e4ische Kommission stellt eine Plattform f\u00fcr die au\u00dfergerichtliche Online-Streitbeilegung (OS-Plattform) bereit, die unter www.ec.europa.eu\/consumers\/odr aufrufbar ist. Wir sind weder verpflichtet noch bereit, an dem Streitschlichtungsverfahren teilzunehmen. &nbsp; Weingut Kaufmann-Ziegler Inhaber: Walter Ziegler Rhodter Str. 6 + Josef-Meyer-Str. 4 76835 Weyher Tel: 06323\/3255 Fax:06323\/949045 E-Mail: info@weingut-kaufmann-ziegler.de &nbsp;<\/p>\n","protected":false},"author":1,"featured_media":0,"parent":0,"menu_order":0,"comment_status":"closed","ping_status":"closed","template":"","meta":{"footnotes":""},"class_list":["post-4231","page","type-page","status-publish","hentry"],"_links":{"self":[{"href":"https:\/\/weingut-kaufmann-ziegler.de\/catalog\/wp-json\/wp\/v2\/pages\/4231","targetHints":{"allow":["GET"]}}],"collection":[{"href":"https:\/\/weingut-kaufmann-ziegler.de\/catalog\/wp-json\/wp\/v2\/pages"}],"about":[{"href":"https:\/\/weingut-kaufmann-ziegler.de\/catalog\/wp-json\/wp\/v2\/types\/page"}],"author":[{"embeddable":true,"href":"https:\/\/weingut-kaufmann-ziegler.de\/catalog\/wp-json\/wp\/v2\/users\/1"}],"replies":[{"embeddable":true,"href":"https:\/\/weingut-kaufmann-ziegler.de\/catalog\/wp-json\/wp\/v2\/comments?post=4231"}],"version-history":[{"count":3,"href":"https:\/\/weingut-kaufmann-ziegler.de\/catalog\/wp-json\/wp\/v2\/pages\/4231\/revisions"}],"predecessor-version":[{"id":11587,"href":"https:\/\/weingut-kaufmann-ziegler.de\/catalog\/wp-json\/wp\/v2\/pages\/4231\/revisions\/11587"}],"wp:attachment":[{"href":"https:\/\/weingut-kaufmann-ziegler.de\/catalog\/wp-json\/wp\/v2\/media?parent=4231"}],"curies":[{"name":"wp","href":"https:\/\/api.w.org\/{rel}","templated":true}]}}